{"id":16,"date":"2020-10-15T08:04:03","date_gmt":"2020-10-15T08:04:03","guid":{"rendered":"https:\/\/aloegelly.nl\/?page_id=16"},"modified":"2025-12-17T10:29:43","modified_gmt":"2025-12-17T10:29:43","slug":"aloegelly-aloe-gel-puur-aloe-vera-puur-en-koud-geperst-bio-kwaliteit-vegan-non-gmo","status":"publish","type":"page","link":"https:\/\/aloegelly.nl\/","title":{"rendered":"aloegelly alo\u00eb vera gel puur. Top cr\u00e8me vol echte alo\u00eb gel"},"content":{"rendered":"\n<p>Aloe vera Gelly cr\u00e8me is een zuivere en krachtige cr\u00e8me in een gel vorm. Het bevat 95% gelei uit de alo\u00eb plant. Verrijkt met 5 kruidenextracten die samen uw huid diep hydrateren en verzorgen.<\/p>\n\n\n\n<figure class=\"wp-block-image aligncenter size-large is-resized\"><img loading=\"lazy\" decoding=\"async\" width=\"1024\" height=\"1024\" src=\"https:\/\/aloegelly.nl\/wp-content\/uploads\/2020\/10\/aloe-Vera-Huidgel-gelly-1024x1024.jpg\" alt=\"aloe vera gel - gelly - huidgel\" class=\"wp-image-17\" style=\"width:768px\" srcset=\"https:\/\/aloegelly.nl\/wp-content\/uploads\/2020\/10\/aloe-Vera-Huidgel-gelly-1024x1024.jpg 1024w, https:\/\/aloegelly.nl\/wp-content\/uploads\/2020\/10\/aloe-Vera-Huidgel-gelly-300x300.jpg 300w, https:\/\/aloegelly.nl\/wp-content\/uploads\/2020\/10\/aloe-Vera-Huidgel-gelly-150x150.jpg 150w, https:\/\/aloegelly.nl\/wp-content\/uploads\/2020\/10\/aloe-Vera-Huidgel-gelly-768x768.jpg 768w, https:\/\/aloegelly.nl\/wp-content\/uploads\/2020\/10\/aloe-Vera-Huidgel-gelly-1536x1536.jpg 1536w, https:\/\/aloegelly.nl\/wp-content\/uploads\/2020\/10\/aloe-Vera-Huidgel-gelly-2048x2048.jpg 2048w\" sizes=\"auto, (max-width: 1024px) 100vw, 1024px\" \/><\/figure>\n\n\n\n<p>Bij droge huid, puistjes, schrale huid, verzorging na scheren. Kloven in de handen en voeten, jeukende huid, ge\u00efrriteerde huid, schaaf- en snijwonden, bij verzorging van littekens, verkoelt de huid.<\/p>\n\n\n\n<h3 class=\"wp-block-heading\"><strong>Deze Ecolife aloegelly alo\u00eb gel puur<\/strong><br>is gemaakt uit puur vers geperste alo\u00eb gelei van voedingskwaliteit. <\/h3>\n\n\n\n<h3 class=\"wp-block-heading\"><strong>Gewoon als 1e hulp om altijd bij de hand hebben<\/strong>.<\/h3>\n\n\n\n<p>Ecolife gebruikt de meest&nbsp;zuivere alo\u00eb vera gelei, dus niet in water opgeloste aloevera (poeder). Ecolife gebruikt als enige foodgrade aloe vera en geen cosmetic aloe vera in haar Gelly. <strong>Uniek<\/strong>!<\/p>\n\n\n\n<p><strong>Door de speciale samenstelling mogen we dit product ook wel een Cosmeceutical noemen<\/strong>. Een cosmeceutical is een variant die tussen een cosmetisch product en een medisch product inzit. Cosmeceuticals bevatten meer actieve bestanddelen dan cosmetische producten.<\/p>\n\n\n\n<h3 class=\"wp-block-heading\"><strong>Waarom is de Aloegelly van Ecolife beter?<\/strong><\/h3>\n\n\n\n<p>Ecolife aloe gelei wordt niet over koolstoffilters geklaard.<br>Wordt koud geperst en met de hand verwerkt.<br>Met de hand afgesneden per blad, enkel grote volwassen bladeren.<br>Wordt niet met bleekmiddelen behandeld.<br>Is voedingskwaliteit!<br>Bevat het hoogste aandeel actieve ingredi\u00ebnten.<br>Biologische alo\u00eb vera bladeren als grondstof.<\/p>\n\n\n\n<figure class=\"wp-block-image aligncenter size-large is-resized\"><img loading=\"lazy\" decoding=\"async\" width=\"1024\" height=\"644\" src=\"https:\/\/aloegelly.nl\/wp-content\/uploads\/2020\/10\/aloe-vera-open-blad-ecolife.jpg\" alt=\"puur aloe vera blad gel\" class=\"wp-image-18\" style=\"width:768px\" srcset=\"https:\/\/aloegelly.nl\/wp-content\/uploads\/2020\/10\/aloe-vera-open-blad-ecolife.jpg 1024w, https:\/\/aloegelly.nl\/wp-content\/uploads\/2020\/10\/aloe-vera-open-blad-ecolife-300x189.jpg 300w, https:\/\/aloegelly.nl\/wp-content\/uploads\/2020\/10\/aloe-vera-open-blad-ecolife-768x483.jpg 768w\" sizes=\"auto, (max-width: 1024px) 100vw, 1024px\" \/><\/figure>\n\n\n\n<h2 class=\"wp-block-heading\">Kwaliteit en puurheid van gebruikte alo\u00eb vera:<\/h2>\n\n\n\n<p>Er zijn inmiddels vele merken alo\u00eb vera op de markt. Vaak staat er op een tube of pot 100% Aloe Vera. Dit is een fabeltje! Iedere soort gel, gelly, gelly creme kan nooit voor 100% uit alo\u00eb bestaan. Als een blad wordt uitgeperst bestaat de gel uit waterdun ietwat troebel sap. Net zoals u een sinaasappel, appel etc uitperst. Om een gelly creme te maken moet er dus een ingredi\u00ebnt in om het dikker te maken. Wordt er met echt verse aloe gelei gewerkt moet er geconserveerd worden.<\/p>\n\n\n\n<p>Een gelly met 100% of 99% op het etiket is een marketing kreet! Een goede gelly zou maximum een 90-97% puur kunnen zijn. Zitten er totaal geen conserveringsmiddelen in ( natuurlijk of synthetische conservering), dan is de alo\u00eb doodgekookt. Alo\u00eb Producten die niet doodgekookt zijn zouden al enkele dagen na bereiding bedorven zijn als deze geen conserveermiddelen bevatten.<\/p>\n\n\n\n<p>Veelal de goedkopere aloe vera gel\u2019s \/ gellys etc. bevatten in water opgeloste alo\u00ebpoeder. Als een gelly dan 0.5% alo\u00ebpoeder bevat (200 x geconcentreerd) dan staat er voorop 100% aloe vera.<\/p>\n\n\n\n<h2 class=\"wp-block-heading\">U begrijpt dat een tube met van 200ml met 1 gram aloe vera poeder natuurlijk nooit zo goed kan zijn als dezelfde tube met 190 gram echte pure aloe vera gel!<\/h2>\n\n\n\n<p>Ook is de vaak gebruikte alo\u00eb poeder doodgekookt, want in water opgelost zou het binnen enkele uren reageren en bederven. Ook gebruiken nog vele merken de chemische \/ giftige ingredi\u00ebnten als Triethanolamine en de giftige stof Diazolidinyl Urea.<br>Let erop dat u een product zonder al deze stoffen koopt!<\/p>\n\n\n\n<p>aloegelly alo\u00eb gel puur besteld u snel hier:<\/p>\n\n\n\n<p><a href=\"https:\/\/www.ecolife-shop.nl\/a-25336019\/bestel-aloe-vera\/aloe-vera-huidgel-gelly-handgel-voor-ieder-huidtype-180ml\/\">https:\/\/www.ecolife-shop.nl\/a-25336019\/bestel-aloe-vera\/aloe-vera-huidgel-gelly-handgel-voor-ieder-huidtype-180ml\/<\/a><\/p>\n\n\n\n<figure class=\"wp-block-image size-large\"><img loading=\"lazy\" decoding=\"async\" width=\"660\" height=\"176\" src=\"https:\/\/aloegelly.nl\/wp-content\/uploads\/2020\/10\/aloe-vera-quality.jpg\" alt=\"gel puur 100% aloe vera Ecolife kopen - veilig en snel\" class=\"wp-image-39\" srcset=\"https:\/\/aloegelly.nl\/wp-content\/uploads\/2020\/10\/aloe-vera-quality.jpg 660w, https:\/\/aloegelly.nl\/wp-content\/uploads\/2020\/10\/aloe-vera-quality-300x80.jpg 300w\" sizes=\"auto, (max-width: 660px) 100vw, 660px\" \/><figcaption class=\"wp-element-caption\">aloe vera &#8211; ecolife &#8211; goed en gezond<\/figcaption><\/figure>\n\n\n\n<p>Ecolife is een echte Nederlands familiebedrijf dat al sinds 1995 actief is. Met de nadruk op natuurlijke producten voor mens en dier.<\/p>\n\n\n\n<p><\/p>\n\n\n\n<figure class=\"wp-block-image aligncenter size-full is-resized\"><a href=\"https:\/\/www.kiyoh.com\/reviews\/1044077\/sts_aloe_vera_products_en_health_supplies_bv\"><img loading=\"lazy\" decoding=\"async\" width=\"500\" height=\"500\" src=\"https:\/\/aloegelly.nl\/wp-content\/uploads\/2025\/12\/Kiyoh-logo_rond_9plus.png\" alt=\"\" class=\"wp-image-56\" style=\"width:500px;height:auto\" srcset=\"https:\/\/aloegelly.nl\/wp-content\/uploads\/2025\/12\/Kiyoh-logo_rond_9plus.png 500w, https:\/\/aloegelly.nl\/wp-content\/uploads\/2025\/12\/Kiyoh-logo_rond_9plus-300x300.png 300w, https:\/\/aloegelly.nl\/wp-content\/uploads\/2025\/12\/Kiyoh-logo_rond_9plus-150x150.png 150w\" sizes=\"auto, (max-width: 500px) 100vw, 500px\" \/><\/a><\/figure>\n\n\n\n<h3 class=\"wp-block-heading has-text-align-center\">Klanten vertellen, reviews van gebruikers van <a href=\"https:\/\/www.kiyoh.com\/reviews\/1044077\/sts_aloe_vera_products_en_health_supplies_bv\">Ecolife Aloe Vera<\/a> producten.<\/h3>\n\n\n\n<p><\/p>\n","protected":false},"excerpt":{"rendered":"<p>Aloe vera Gelly cr\u00e8me is een zuivere en krachtige cr\u00e8me in een gel vorm. Het bevat 95% gelei uit de alo\u00eb plant. Verrijkt met 5 kruidenextracten die samen uw huid diep hydrateren en verzorgen. Bij droge huid, puistjes, schrale huid, verzorging na scheren. Kloven in de handen en voeten, jeukende huid, ge\u00efrriteerde huid, schaaf- en [&hellip;]<\/p>\n","protected":false},"author":1,"featured_media":0,"parent":0,"menu_order":0,"comment_status":"closed","ping_status":"closed","template":"","meta":{"site-sidebar-layout":"default","site-content-layout":"default","ast-site-content-layout":"default","site-content-style":"default","site-sidebar-style":"default","ast-global-header-display":"","ast-banner-title-visibility":"","ast-main-header-display":"","ast-hfb-above-header-display":"","ast-hfb-below-header-display":"","ast-hfb-mobile-header-display":"","site-post-title":"","ast-breadcrumbs-content":"","ast-featured-img":"","footer-sml-layout":"","ast-disable-related-posts":"","theme-transparent-header-meta":"default","adv-header-id-meta":"","stick-header-meta":"","header-above-stick-meta":"","header-main-stick-meta":"","header-below-stick-meta":"","astra-migrate-meta-layouts":"set","ast-page-background-enabled":"default","ast-page-background-meta":{"desktop":{"background-color":"","background-image":"","background-repeat":"repeat","background-position":"center center","background-size":"auto","background-attachment":"scroll","background-type":"","background-media":"","overlay-type":"","overlay-color":"","overlay-opacity":"","overlay-gradient":""},"tablet":{"background-color":"","background-image":"","background-repeat":"repeat","background-position":"center center","background-size":"auto","background-attachment":"scroll","background-type":"","background-media":"","overlay-type":"","overlay-color":"","overlay-opacity":"","overlay-gradient":""},"mobile":{"background-color":"","background-image":"","background-repeat":"repeat","background-position":"center center","background-size":"auto","background-attachment":"scroll","background-type":"","background-media":"","overlay-type":"","overlay-color":"","overlay-opacity":"","overlay-gradient":""}},"ast-content-background-meta":{"desktop":{"background-color":"var(--ast-global-color-5)","background-image":"","background-repeat":"repeat","background-position":"center center","background-size":"auto","background-attachment":"scroll","background-type":"","background-media":"","overlay-type":"","overlay-color":"","overlay-opacity":"","overlay-gradient":""},"tablet":{"background-color":"var(--ast-global-color-5)","background-image":"","background-repeat":"repeat","background-position":"center center","background-size":"auto","background-attachment":"scroll","background-type":"","background-media":"","overlay-type":"","overlay-color":"","overlay-opacity":"","overlay-gradient":""},"mobile":{"background-color":"var(--ast-global-color-5)","background-image":"","background-repeat":"repeat","background-position":"center center","background-size":"auto","background-attachment":"scroll","background-type":"","background-media":"","overlay-type":"","overlay-color":"","overlay-opacity":"","overlay-gradient":""}},"footnotes":""},"class_list":["post-16","page","type-page","status-publish","hentry"],"yoast_head":"<!-- This site is optimized with the Yoast SEO plugin v27.4 - https:\/\/yoast.com\/product\/yoast-seo-wordpress\/ -->\n<title>aloegelly alo\u00eb vera gel puur. Top cr\u00e8me vol echte alo\u00eb gel - Aloegelly Aloe vera<\/title>\n<meta name=\"description\" content=\"aloegelly alo\u00eb vera gel puur. Gemaakt van Food kwaliteit alo\u00eb. Geen poeders! Geen water! Alleen zuivere aloe vera gel gaat in Ecolife.\" \/>\n<meta name=\"robots\" content=\"index, follow, max-snippet:-1, max-image-preview:large, max-video-preview:-1\" \/>\n<link rel=\"canonical\" href=\"https:\/\/aloegelly.nl\/\" \/>\n<meta property=\"og:locale\" content=\"nl_NL\" \/>\n<meta property=\"og:type\" content=\"article\" \/>\n<meta property=\"og:title\" content=\"aloegelly alo\u00eb vera gel puur. Top cr\u00e8me vol echte alo\u00eb gel - Aloegelly Aloe vera\" \/>\n<meta property=\"og:description\" content=\"aloegelly alo\u00eb vera gel puur. Gemaakt van Food kwaliteit alo\u00eb. Geen poeders! Geen water! Alleen zuivere aloe vera gel gaat in Ecolife.\" \/>\n<meta property=\"og:url\" content=\"https:\/\/aloegelly.nl\/\" \/>\n<meta property=\"og:site_name\" content=\"Aloegelly Aloe vera\" \/>\n<meta property=\"article:publisher\" content=\"https:\/\/www.facebook.com\/EcolifeLuvico\" \/>\n<meta property=\"article:modified_time\" content=\"2025-12-17T10:29:43+00:00\" \/>\n<meta property=\"og:image\" content=\"https:\/\/aloegelly.nl\/wp-content\/uploads\/2020\/10\/aloe-Vera-Huidgel-gelly-scaled.jpg\" \/>\n\t<meta property=\"og:image:width\" content=\"2560\" \/>\n\t<meta property=\"og:image:height\" content=\"2560\" \/>\n\t<meta property=\"og:image:type\" content=\"image\/jpeg\" \/>\n<meta name=\"twitter:card\" content=\"summary_large_image\" \/>\n<meta name=\"twitter:label1\" content=\"Geschatte leestijd\" \/>\n\t<meta name=\"twitter:data1\" content=\"4 minuten\" \/>\n<script type=\"application\/ld+json\" class=\"yoast-schema-graph\">{\"@context\":\"https:\\\/\\\/schema.org\",\"@graph\":[{\"@type\":\"WebPage\",\"@id\":\"https:\\\/\\\/aloegelly.nl\\\/\",\"url\":\"https:\\\/\\\/aloegelly.nl\\\/\",\"name\":\"aloegelly alo\u00eb vera gel puur. Top cr\u00e8me vol echte alo\u00eb gel - Aloegelly Aloe vera\",\"isPartOf\":{\"@id\":\"https:\\\/\\\/aloegelly.nl\\\/#website\"},\"primaryImageOfPage\":{\"@id\":\"https:\\\/\\\/aloegelly.nl\\\/#primaryimage\"},\"image\":{\"@id\":\"https:\\\/\\\/aloegelly.nl\\\/#primaryimage\"},\"thumbnailUrl\":\"https:\\\/\\\/aloegelly.nl\\\/wp-content\\\/uploads\\\/2020\\\/10\\\/aloe-Vera-Huidgel-gelly-1024x1024.jpg\",\"datePublished\":\"2020-10-15T08:04:03+00:00\",\"dateModified\":\"2025-12-17T10:29:43+00:00\",\"description\":\"aloegelly alo\u00eb vera gel puur. Gemaakt van Food kwaliteit alo\u00eb. Geen poeders! Geen water! Alleen zuivere aloe vera gel gaat in Ecolife.\",\"breadcrumb\":{\"@id\":\"https:\\\/\\\/aloegelly.nl\\\/#breadcrumb\"},\"inLanguage\":\"nl-NL\",\"potentialAction\":[{\"@type\":\"ReadAction\",\"target\":[\"https:\\\/\\\/aloegelly.nl\\\/\"]}]},{\"@type\":\"ImageObject\",\"inLanguage\":\"nl-NL\",\"@id\":\"https:\\\/\\\/aloegelly.nl\\\/#primaryimage\",\"url\":\"https:\\\/\\\/aloegelly.nl\\\/wp-content\\\/uploads\\\/2020\\\/10\\\/aloe-Vera-Huidgel-gelly-1024x1024.jpg\",\"contentUrl\":\"https:\\\/\\\/aloegelly.nl\\\/wp-content\\\/uploads\\\/2020\\\/10\\\/aloe-Vera-Huidgel-gelly-1024x1024.jpg\"},{\"@type\":\"BreadcrumbList\",\"@id\":\"https:\\\/\\\/aloegelly.nl\\\/#breadcrumb\",\"itemListElement\":[{\"@type\":\"ListItem\",\"position\":1,\"name\":\"Home\",\"item\":\"https:\\\/\\\/aloegelly.nl\\\/\"},{\"@type\":\"ListItem\",\"position\":2,\"name\":\"aloegelly alo\u00eb vera gel puur. Top cr\u00e8me vol echte alo\u00eb gel\"}]},{\"@type\":\"WebSite\",\"@id\":\"https:\\\/\\\/aloegelly.nl\\\/#website\",\"url\":\"https:\\\/\\\/aloegelly.nl\\\/\",\"name\":\"Aloegelly Aloe vera\",\"description\":\"Aloe vera gel - huidgel\",\"potentialAction\":[{\"@type\":\"SearchAction\",\"target\":{\"@type\":\"EntryPoint\",\"urlTemplate\":\"https:\\\/\\\/aloegelly.nl\\\/?s={search_term_string}\"},\"query-input\":{\"@type\":\"PropertyValueSpecification\",\"valueRequired\":true,\"valueName\":\"search_term_string\"}}],\"inLanguage\":\"nl-NL\"}]}<\/script>\n<!-- \/ Yoast SEO plugin. -->","yoast_head_json":{"title":"aloegelly alo\u00eb vera gel puur. Top cr\u00e8me vol echte alo\u00eb gel - Aloegelly Aloe vera","description":"aloegelly alo\u00eb vera gel puur. Gemaakt van Food kwaliteit alo\u00eb. Geen poeders! Geen water! Alleen zuivere aloe vera gel gaat in Ecolife.","robots":{"index":"index","follow":"follow","max-snippet":"max-snippet:-1","max-image-preview":"max-image-preview:large","max-video-preview":"max-video-preview:-1"},"canonical":"https:\/\/aloegelly.nl\/","og_locale":"nl_NL","og_type":"article","og_title":"aloegelly alo\u00eb vera gel puur. Top cr\u00e8me vol echte alo\u00eb gel - Aloegelly Aloe vera","og_description":"aloegelly alo\u00eb vera gel puur. Gemaakt van Food kwaliteit alo\u00eb. Geen poeders! Geen water! Alleen zuivere aloe vera gel gaat in Ecolife.","og_url":"https:\/\/aloegelly.nl\/","og_site_name":"Aloegelly Aloe vera","article_publisher":"https:\/\/www.facebook.com\/EcolifeLuvico","article_modified_time":"2025-12-17T10:29:43+00:00","og_image":[{"width":2560,"height":2560,"url":"https:\/\/aloegelly.nl\/wp-content\/uploads\/2020\/10\/aloe-Vera-Huidgel-gelly-scaled.jpg","type":"image\/jpeg"}],"twitter_card":"summary_large_image","twitter_misc":{"Geschatte leestijd":"4 minuten"},"schema":{"@context":"https:\/\/schema.org","@graph":[{"@type":"WebPage","@id":"https:\/\/aloegelly.nl\/","url":"https:\/\/aloegelly.nl\/","name":"aloegelly alo\u00eb vera gel puur. Top cr\u00e8me vol echte alo\u00eb gel - Aloegelly Aloe vera","isPartOf":{"@id":"https:\/\/aloegelly.nl\/#website"},"primaryImageOfPage":{"@id":"https:\/\/aloegelly.nl\/#primaryimage"},"image":{"@id":"https:\/\/aloegelly.nl\/#primaryimage"},"thumbnailUrl":"https:\/\/aloegelly.nl\/wp-content\/uploads\/2020\/10\/aloe-Vera-Huidgel-gelly-1024x1024.jpg","datePublished":"2020-10-15T08:04:03+00:00","dateModified":"2025-12-17T10:29:43+00:00","description":"aloegelly alo\u00eb vera gel puur. Gemaakt van Food kwaliteit alo\u00eb. Geen poeders! Geen water! Alleen zuivere aloe vera gel gaat in Ecolife.","breadcrumb":{"@id":"https:\/\/aloegelly.nl\/#breadcrumb"},"inLanguage":"nl-NL","potentialAction":[{"@type":"ReadAction","target":["https:\/\/aloegelly.nl\/"]}]},{"@type":"ImageObject","inLanguage":"nl-NL","@id":"https:\/\/aloegelly.nl\/#primaryimage","url":"https:\/\/aloegelly.nl\/wp-content\/uploads\/2020\/10\/aloe-Vera-Huidgel-gelly-1024x1024.jpg","contentUrl":"https:\/\/aloegelly.nl\/wp-content\/uploads\/2020\/10\/aloe-Vera-Huidgel-gelly-1024x1024.jpg"},{"@type":"BreadcrumbList","@id":"https:\/\/aloegelly.nl\/#breadcrumb","itemListElement":[{"@type":"ListItem","position":1,"name":"Home","item":"https:\/\/aloegelly.nl\/"},{"@type":"ListItem","position":2,"name":"aloegelly alo\u00eb vera gel puur. Top cr\u00e8me vol echte alo\u00eb gel"}]},{"@type":"WebSite","@id":"https:\/\/aloegelly.nl\/#website","url":"https:\/\/aloegelly.nl\/","name":"Aloegelly Aloe vera","description":"Aloe vera gel - huidgel","potentialAction":[{"@type":"SearchAction","target":{"@type":"EntryPoint","urlTemplate":"https:\/\/aloegelly.nl\/?s={search_term_string}"},"query-input":{"@type":"PropertyValueSpecification","valueRequired":true,"valueName":"search_term_string"}}],"inLanguage":"nl-NL"}]}},"_links":{"self":[{"href":"https:\/\/aloegelly.nl\/index.php\/wp-json\/wp\/v2\/pages\/16","targetHints":{"allow":["GET"]}}],"collection":[{"href":"https:\/\/aloegelly.nl\/index.php\/wp-json\/wp\/v2\/pages"}],"about":[{"href":"https:\/\/aloegelly.nl\/index.php\/wp-json\/wp\/v2\/types\/page"}],"author":[{"embeddable":true,"href":"https:\/\/aloegelly.nl\/index.php\/wp-json\/wp\/v2\/users\/1"}],"replies":[{"embeddable":true,"href":"https:\/\/aloegelly.nl\/index.php\/wp-json\/wp\/v2\/comments?post=16"}],"version-history":[{"count":6,"href":"https:\/\/aloegelly.nl\/index.php\/wp-json\/wp\/v2\/pages\/16\/revisions"}],"predecessor-version":[{"id":57,"href":"https:\/\/aloegelly.nl\/index.php\/wp-json\/wp\/v2\/pages\/16\/revisions\/57"}],"wp:attachment":[{"href":"https:\/\/aloegelly.nl\/index.php\/wp-json\/wp\/v2\/media?parent=16"}],"curies":[{"name":"wp","href":"https:\/\/api.w.org\/{rel}","templated":true}]}}