{"id":41,"date":"2020-10-15T11:05:17","date_gmt":"2020-10-15T11:05:17","guid":{"rendered":"https:\/\/aloegelly.nl\/?page_id=41"},"modified":"2025-12-17T10:54:01","modified_gmt":"2025-12-17T10:54:01","slug":"perfecte-huidverzorging-ecolife-aloe-propolis-creme-100-tevredenheid","status":"publish","type":"page","link":"https:\/\/aloegelly.nl\/index.php\/perfecte-huidverzorging-ecolife-aloe-propolis-creme-100-tevredenheid\/","title":{"rendered":"Perfecte huidverzorging Aloe Propolis Creme"},"content":{"rendered":"\n<p>Er zijn vele merken aloe vera. Vrijwel alle merken gebruiken cosmetische aloe vera voor aloe vera huid en haar producten. Perfecte huidverzorging &#8211; Aloe Propolis creme van Ecolife gebruikt als enige Organic Food Grade \u2013 oftewel biologische voedingskwalieit aloe vera in haar producten.<\/p>\n\n\n\n<figure class=\"wp-block-image size-full\"><img loading=\"lazy\" decoding=\"async\" width=\"660\" height=\"330\" src=\"https:\/\/aloegelly.nl\/wp-content\/uploads\/2020\/10\/tegen-zonnebrand-aloe-vera-ecolife.jpg\" alt=\"propolis en alo\u00eb vera. Super goed. Beste pure creme van aloe vera.\" class=\"wp-image-44\" srcset=\"https:\/\/aloegelly.nl\/wp-content\/uploads\/2020\/10\/tegen-zonnebrand-aloe-vera-ecolife.jpg 660w, https:\/\/aloegelly.nl\/wp-content\/uploads\/2020\/10\/tegen-zonnebrand-aloe-vera-ecolife-300x150.jpg 300w\" sizes=\"auto, (max-width: 660px) 100vw, 660px\" \/><\/figure>\n\n\n\n<p>Ecolife Alo\u00eb Vera Propolis creme. Bevat maar liefst<strong>&nbsp;80 % Bio &amp; Food Grade alo\u00eb<\/strong> vera gel met bijen propolis en 5 kruidenplanten, vitamine A, E&nbsp;en allantoine. <\/p>\n\n\n\n<h2 class=\"wp-block-heading\">Geen water toegevoegd, bevat geen water.<\/h2>\n\n\n\n<h3 class=\"wp-block-heading\">Alo\u00eb vera als eerste en hoofdingredi\u00ebnt in Ecolife Propolis Hand&amp;Huid creme.<br>Ecolife gebruikt geen alo\u00eb poeder wat in water is opgelost, wel zuivere Food Grade &#8211; voedingskwaliteit alo\u00eb<\/h3>\n\n\n\n<p>Deze Food Grade aloe vera wordt met de hand verwerkt en koud geperst en op kamertemperatuur afgevuld.<\/p>\n\n\n\n<p>Omdat de aloe vera gelei niet door koolfilters gaat bevat het een veel hoger aandeel mineralen etc dan de cosmetische versie! Cosmetic grade wordt altijd gepasteuriseerd en\/of gekookt. Ook bestaan de meeste \u201cgel\u201d producten uit een aloe concentraat ( meestal een aloe poeder ) dat wordt verdund en men mag dan op het etiket schrijven dat het 99% of 99.9 of zelfs 100% aloe vera bevat.<\/p>\n\n\n\n<h2 class=\"wp-block-heading\"><strong>Wat doet bijenpropolis?<\/strong><\/h2>\n\n\n\n<p>Propolis bevat veel bijzondere en goede kwaliteiten. Zeer uniek is toch zeker dat bijen propolis alle 22 aminozuren bevat. Verder bevat het veel antioxidanten en vitamine B9, C &amp; E, A en B complex. is het een sterk natuurlijke antibiotica. In de alternatieve geneeswijze wordt bijen propolis vaak ingezet.<br><a href=\"https:\/\/nl.wikipedia.org\/wiki\/Propolis\">https:\/\/nl.wikipedia.org\/wiki\/Propolis<\/a><\/p>\n\n\n\n<p>Een truc die vele bedrijven toepassen is dat men een \u201cvloeibaar pure aloe\u201d inkoopt die gemaakt is uit een poederconcentraat. Maar omdat de verkoper van deze grondstof het concentraat al heeft terug verdund koopt men een \u201cpure aloe\u201d in. Zo omzeilen vele firma\u2019s dat ze water als 1e ingr\u00ebdient moeten vermelden!<\/p>\n\n\n\n<p>U begrijpt dat wanneer u een aloe vera Gel koopt van 200ml en deze bevat 1 ml aloe contraat en 199ml water dat dit natuurlijk niet zo goed werkt als 200ml \u201cechte\u201d aloe vera gel.<\/p>\n\n\n\n<figure class=\"wp-block-image size-large is-resized\"><img loading=\"lazy\" decoding=\"async\" width=\"1024\" height=\"1024\" src=\"https:\/\/aloegelly.nl\/wp-content\/uploads\/2020\/10\/aloe-Vera-propolis-bijen-creme-1024x1024.jpg\" alt=\"propolis en alo\u00eb vera creme. Beschermd en hydrateerd Ecolife Aloe Propolis creme\" class=\"wp-image-42\" style=\"width:768px;height:768px\" srcset=\"https:\/\/aloegelly.nl\/wp-content\/uploads\/2020\/10\/aloe-Vera-propolis-bijen-creme-1024x1024.jpg 1024w, https:\/\/aloegelly.nl\/wp-content\/uploads\/2020\/10\/aloe-Vera-propolis-bijen-creme-300x300.jpg 300w, https:\/\/aloegelly.nl\/wp-content\/uploads\/2020\/10\/aloe-Vera-propolis-bijen-creme-150x150.jpg 150w, https:\/\/aloegelly.nl\/wp-content\/uploads\/2020\/10\/aloe-Vera-propolis-bijen-creme-768x768.jpg 768w, https:\/\/aloegelly.nl\/wp-content\/uploads\/2020\/10\/aloe-Vera-propolis-bijen-creme-1536x1536.jpg 1536w, https:\/\/aloegelly.nl\/wp-content\/uploads\/2020\/10\/aloe-Vera-propolis-bijen-creme-2048x2048.jpg 2048w\" sizes=\"auto, (max-width: 1024px) 100vw, 1024px\" \/><\/figure>\n\n\n\n<p>Perfecte huidverzorging Aloe Propolis Creme. Met 80% pure en zuivere alo\u00ebgel.<\/p>\n\n\n\n<h3 class=\"wp-block-heading\">Ecolife propolis creme bevat geen water. Wel pure alo\u00eb vera met bijen propolis en kruiden extracten.<\/h3>\n\n\n\n<p>Deze bijzondere creme&nbsp;is speciaal voor het verzorgen van uw huid. Werkt intensief bij vele huidkwaaltjes. Ook zeer goed te gebruiken na het scheren om de huid intensief te verzorgen.<\/p>\n\n\n\n<p><strong>Inzet<\/strong> : normale tot droge huid, zeer droge huid, beschadigde huid, eczeem, acne, uitslag, open wondjes, kloven, afwashanden, huidinfecties, als voedende creme, anti-rimpel creme, bij wondjes, winterhanden, luieruitslag, als balsem na het scheren, bij brandwondjes, zweetplekken, tegen zweetvoetengeur, zeer geschikt product voor pedicures en manicures!<\/p>\n\n\n\n<p>Deze creme is niet verdund met water en gemaakt van echte planten extracten en bijen propolis. Een diep voedende en verzorgende dikke creme voor uw huid. Blijft de hele dag zitten. Beschermt ook zeer goed tegen weersinvloeden.<\/p>\n\n\n\n<h2 class=\"wp-block-heading\">Ecolife Aloe vera Propolis is gemaakt met Foodgrade aloe vera<\/h2>\n\n\n\n<p>Foodgrade aloe vera is gekeurd om op te eten. De meest zuivere vorm alo\u00eb vera ( dus vrij van allerlei vervuiling door kweek, gewasbescherming enz!)<\/p>\n\n\n\n<h4 class=\"wp-block-heading\">Uw voordeel: Deze alo\u00eb vera gaat NIET door allerlei filters, iets wat men bij cosmetica aloevera wel doet. Hierdoor blijven in Ecolife alo\u00eb meer actieve stoffen over. Doordat dit aandeel actieve stoffen hoger is kan het product ook uw huid beter verzorgen.<\/h4>\n\n\n\n<p>I<strong>ngredienten gebruikt in ECOLIFE PROPOLIS Hand &amp; Huid Creme:<\/strong><\/p>\n\n\n\n<p><strong>ALOE VERA BARBADENSIS LEAF JUICE 80%<\/strong> <strong>FOOD GRADE ALOE VERA&nbsp; &amp; BIO &#8211; VEGAN Aloe<\/strong><br>GLYCERYL STEARATE, PROPYLENE GLYCOL OCTYL PALMITATE, PEG-100 STEARATE, CETYL ALCOHOL, LANOLIN, PROPOLIS EXTRACT, HEDERA HELIX (IVY) LEAF\/STEM EXTRACT, SPIREA ULMARIA FLOWER EXTRACT, CLEMATIS VITALBA LEAF EXTRACT, FUCUS VESICULOSUS EXTRACT, EQUISETUM ARVENSE EXTRACT, ALLANTOIN, DIMETHICONE, POTASSIUM SORBATE, TETRASODIUM EDTA, PHENOXYETHANOL, ETHYLHEXYLGLYCERIN, NATURAL FRAGRANCE (VANILLE).<\/p>\n\n\n\n<p><\/p>\n\n\n\n<h2 class=\"wp-block-heading\">Doordat deze creme niet is verdund met water en gemaakt is met echte planten extracten en bijen propolis is het dan ook een weldaad voor uw huid. Voedt en beschermt de huid.<\/h2>\n\n\n\n<h4 class=\"wp-block-heading\">Perfecte huidverzorging Aloe Propolis voor ieder huidtype. Bestel nu met extra voordeel:<\/h4>\n\n\n\n<h3 class=\"wp-block-heading\"><a href=\"https:\/\/www.ecolife-shop.nl\/a-25336016\/bestel-aloe-vera\/ecolife-aloe-vera-propolis-creme\/\">https:\/\/www.ecolife-shop.nl\/a-25336016\/bestel-aloe-vera\/ecolife-aloe-vera-propolis-creme\/<\/a><\/h3>\n\n\n\n<figure class=\"wp-block-image size-large is-resized\"><img loading=\"lazy\" decoding=\"async\" width=\"1024\" height=\"640\" src=\"https:\/\/aloegelly.nl\/wp-content\/uploads\/2020\/10\/ecolife-kop-1024x640.jpg\" alt=\"ecolife-shop.nl Voor goede alo\u00eb vera. Koop met korting.\" class=\"wp-image-43\" style=\"width:768px;height:480px\" srcset=\"https:\/\/aloegelly.nl\/wp-content\/uploads\/2020\/10\/ecolife-kop-1024x640.jpg 1024w, https:\/\/aloegelly.nl\/wp-content\/uploads\/2020\/10\/ecolife-kop-300x188.jpg 300w, https:\/\/aloegelly.nl\/wp-content\/uploads\/2020\/10\/ecolife-kop-768x480.jpg 768w, https:\/\/aloegelly.nl\/wp-content\/uploads\/2020\/10\/ecolife-kop.jpg 1280w\" sizes=\"auto, (max-width: 1024px) 100vw, 1024px\" \/><\/figure>\n\n\n\n<h2 class=\"wp-block-heading\">Bevat geen parfum! Enkel een vleugje natuurlijke vanille extract als geur ( fragrance).<\/h2>\n\n\n\n<p>Gebruik: Als intensief voedende hand &amp; gezichtscreme.&nbsp;Bij&nbsp;huidverzorging van&nbsp; wondjes,&nbsp;rode billetjes, als balsem na het scheren. Droge tot extreem droge huid, schrale plekken, uitslag. &#8217;s Morgens na het wassen opbrengen en eventueel voor het slapen nog eens.<\/p>\n\n\n\n<h2 class=\"wp-block-heading\">Zeer goed in te zetten als afwisseling bij hormooncreme! Gebruik minder hormooncreme en zet de aloe-propolis creme in.<\/h2>\n\n\n\n<p>Mag meerdere keren per dag aangebracht worden. Bij huidklachten 3-4 daags een dun laagje aanbrengen.<\/p>\n\n\n\n<p>Beschermt uw huid zeer goed tegen weersinvloeden ( koude en gure wind).<\/p>\n\n\n\n<p>Gaat zweetgeur van voeten tegen.<\/p>\n\n\n\n<p>Inzet bij huisdieren:<\/p>\n\n\n\n<h3 class=\"wp-block-heading\">Ecolife Aloe Vera Propolis cr\u00e8me is ook zeer goed inzetbaar bij uw huisdieren.<br>Beschermt en verzorgt de huid van uw huisvriend.<br><\/h3>\n\n\n\n<h4 class=\"wp-block-heading\">Deze Ecolife dikke cr\u00e8me is perfect als huidverzorging. Zeker in de gure wintermaanden. Beschermd uw huid en blijft de hele dag zitten!<\/h4>\n\n\n\n<figure class=\"wp-block-image aligncenter size-full\"><img loading=\"lazy\" decoding=\"async\" width=\"1024\" height=\"1024\" src=\"https:\/\/aloegelly.nl\/wp-content\/uploads\/2025\/12\/Ecolife-Aloe-Vera-Propolis-Creme-80-ml.png\" alt=\"propolis aloe vera creme Ecolife\" class=\"wp-image-69\" srcset=\"https:\/\/aloegelly.nl\/wp-content\/uploads\/2025\/12\/Ecolife-Aloe-Vera-Propolis-Creme-80-ml.png 1024w, https:\/\/aloegelly.nl\/wp-content\/uploads\/2025\/12\/Ecolife-Aloe-Vera-Propolis-Creme-80-ml-300x300.png 300w, https:\/\/aloegelly.nl\/wp-content\/uploads\/2025\/12\/Ecolife-Aloe-Vera-Propolis-Creme-80-ml-150x150.png 150w, https:\/\/aloegelly.nl\/wp-content\/uploads\/2025\/12\/Ecolife-Aloe-Vera-Propolis-Creme-80-ml-768x768.png 768w\" sizes=\"auto, (max-width: 1024px) 100vw, 1024px\" \/><\/figure>\n\n\n\n<figure class=\"wp-block-image aligncenter size-full\"><img loading=\"lazy\" decoding=\"async\" width=\"660\" height=\"330\" src=\"https:\/\/aloegelly.nl\/wp-content\/uploads\/2025\/12\/tegen-zonnebrand-aloe-vera-ecolife.jpg\" alt=\"Propolis Aloe Vera Creme - Ecolife Shop\" class=\"wp-image-68\" srcset=\"https:\/\/aloegelly.nl\/wp-content\/uploads\/2025\/12\/tegen-zonnebrand-aloe-vera-ecolife.jpg 660w, https:\/\/aloegelly.nl\/wp-content\/uploads\/2025\/12\/tegen-zonnebrand-aloe-vera-ecolife-300x150.jpg 300w\" sizes=\"auto, (max-width: 660px) 100vw, 660px\" \/><\/figure>\n\n\n\n<p>Meer informatie of nalezen in de webshop?<\/p>\n\n\n\n<h2 class=\"wp-block-heading\"><a href=\"https:\/\/www.ecolife-shop.nl\">https:\/\/www.ecolife-shop.nl<\/a><\/h2>\n\n\n\n<p><\/p>\n","protected":false},"excerpt":{"rendered":"<p>Er zijn vele merken aloe vera. Vrijwel alle merken gebruiken cosmetische aloe vera voor aloe vera huid en haar producten. Perfecte huidverzorging &#8211; Aloe Propolis creme van Ecolife gebruikt als enige Organic Food Grade \u2013 oftewel biologische voedingskwalieit aloe vera in haar producten. Ecolife Alo\u00eb Vera Propolis creme. Bevat maar liefst&nbsp;80 % Bio &amp; Food [&hellip;]<\/p>\n","protected":false},"author":1,"featured_media":0,"parent":0,"menu_order":0,"comment_status":"closed","ping_status":"closed","template":"","meta":{"site-sidebar-layout":"default","site-content-layout":"default","ast-site-content-layout":"default","site-content-style":"default","site-sidebar-style":"default","ast-global-header-display":"","ast-banner-title-visibility":"","ast-main-header-display":"","ast-hfb-above-header-display":"","ast-hfb-below-header-display":"","ast-hfb-mobile-header-display":"","site-post-title":"","ast-breadcrumbs-content":"","ast-featured-img":"","footer-sml-layout":"","ast-disable-related-posts":"","theme-transparent-header-meta":"default","adv-header-id-meta":"","stick-header-meta":"","header-above-stick-meta":"","header-main-stick-meta":"","header-below-stick-meta":"","astra-migrate-meta-layouts":"set","ast-page-background-enabled":"default","ast-page-background-meta":{"desktop":{"background-color":"","background-image":"","background-repeat":"repeat","background-position":"center center","background-size":"auto","background-attachment":"scroll","background-type":"","background-media":"","overlay-type":"","overlay-color":"","overlay-opacity":"","overlay-gradient":""},"tablet":{"background-color":"","background-image":"","background-repeat":"repeat","background-position":"center center","background-size":"auto","background-attachment":"scroll","background-type":"","background-media":"","overlay-type":"","overlay-color":"","overlay-opacity":"","overlay-gradient":""},"mobile":{"background-color":"","background-image":"","background-repeat":"repeat","background-position":"center center","background-size":"auto","background-attachment":"scroll","background-type":"","background-media":"","overlay-type":"","overlay-color":"","overlay-opacity":"","overlay-gradient":""}},"ast-content-background-meta":{"desktop":{"background-color":"var(--ast-global-color-5)","background-image":"","background-repeat":"repeat","background-position":"center center","background-size":"auto","background-attachment":"scroll","background-type":"","background-media":"","overlay-type":"","overlay-color":"","overlay-opacity":"","overlay-gradient":""},"tablet":{"background-color":"var(--ast-global-color-5)","background-image":"","background-repeat":"repeat","background-position":"center center","background-size":"auto","background-attachment":"scroll","background-type":"","background-media":"","overlay-type":"","overlay-color":"","overlay-opacity":"","overlay-gradient":""},"mobile":{"background-color":"var(--ast-global-color-5)","background-image":"","background-repeat":"repeat","background-position":"center center","background-size":"auto","background-attachment":"scroll","background-type":"","background-media":"","overlay-type":"","overlay-color":"","overlay-opacity":"","overlay-gradient":""}},"footnotes":""},"class_list":["post-41","page","type-page","status-publish","hentry"],"yoast_head":"<!-- This site is optimized with the Yoast SEO plugin v27.5 - https:\/\/yoast.com\/product\/yoast-seo-wordpress\/ -->\n<title>Perfecte huidverzorging Aloe Propolis Creme - Aloegelly Aloe vera<\/title>\n<meta name=\"description\" content=\"Perfecte huidverzorging - Ecolife Aloe Propolis Creme - 100% tevredenheid. Zeer goede bescherming en verzorging van uw huid.\" \/>\n<meta name=\"robots\" content=\"index, follow, max-snippet:-1, max-image-preview:large, max-video-preview:-1\" \/>\n<link rel=\"canonical\" href=\"https:\/\/aloegelly.nl\/index.php\/perfecte-huidverzorging-ecolife-aloe-propolis-creme-100-tevredenheid\/\" \/>\n<meta property=\"og:locale\" content=\"nl_NL\" \/>\n<meta property=\"og:type\" content=\"article\" \/>\n<meta property=\"og:title\" content=\"Perfecte huidverzorging Aloe Propolis Creme - Aloegelly Aloe vera\" \/>\n<meta property=\"og:description\" content=\"Perfecte huidverzorging - Ecolife Aloe Propolis Creme - 100% tevredenheid. Zeer goede bescherming en verzorging van uw huid.\" \/>\n<meta property=\"og:url\" content=\"https:\/\/aloegelly.nl\/index.php\/perfecte-huidverzorging-ecolife-aloe-propolis-creme-100-tevredenheid\/\" \/>\n<meta property=\"og:site_name\" content=\"Aloegelly Aloe vera\" \/>\n<meta property=\"article:publisher\" content=\"https:\/\/www.facebook.com\/EcolifeLuvico\" \/>\n<meta property=\"article:modified_time\" content=\"2025-12-17T10:54:01+00:00\" \/>\n<meta property=\"og:image\" content=\"https:\/\/aloegelly.nl\/wp-content\/uploads\/2020\/10\/tegen-zonnebrand-aloe-vera-ecolife.jpg\" \/>\n\t<meta property=\"og:image:width\" content=\"660\" \/>\n\t<meta property=\"og:image:height\" content=\"330\" \/>\n\t<meta property=\"og:image:type\" content=\"image\/jpeg\" \/>\n<meta name=\"twitter:card\" content=\"summary_large_image\" \/>\n<meta name=\"twitter:label1\" content=\"Geschatte leestijd\" \/>\n\t<meta name=\"twitter:data1\" content=\"5 minuten\" \/>\n<script type=\"application\/ld+json\" class=\"yoast-schema-graph\">{\"@context\":\"https:\\\/\\\/schema.org\",\"@graph\":[{\"@type\":\"WebPage\",\"@id\":\"https:\\\/\\\/aloegelly.nl\\\/index.php\\\/perfecte-huidverzorging-ecolife-aloe-propolis-creme-100-tevredenheid\\\/\",\"url\":\"https:\\\/\\\/aloegelly.nl\\\/index.php\\\/perfecte-huidverzorging-ecolife-aloe-propolis-creme-100-tevredenheid\\\/\",\"name\":\"Perfecte huidverzorging Aloe Propolis Creme - Aloegelly Aloe vera\",\"isPartOf\":{\"@id\":\"https:\\\/\\\/aloegelly.nl\\\/#website\"},\"primaryImageOfPage\":{\"@id\":\"https:\\\/\\\/aloegelly.nl\\\/index.php\\\/perfecte-huidverzorging-ecolife-aloe-propolis-creme-100-tevredenheid\\\/#primaryimage\"},\"image\":{\"@id\":\"https:\\\/\\\/aloegelly.nl\\\/index.php\\\/perfecte-huidverzorging-ecolife-aloe-propolis-creme-100-tevredenheid\\\/#primaryimage\"},\"thumbnailUrl\":\"https:\\\/\\\/aloegelly.nl\\\/wp-content\\\/uploads\\\/2020\\\/10\\\/tegen-zonnebrand-aloe-vera-ecolife.jpg\",\"datePublished\":\"2020-10-15T11:05:17+00:00\",\"dateModified\":\"2025-12-17T10:54:01+00:00\",\"description\":\"Perfecte huidverzorging - Ecolife Aloe Propolis Creme - 100% tevredenheid. Zeer goede bescherming en verzorging van uw huid.\",\"breadcrumb\":{\"@id\":\"https:\\\/\\\/aloegelly.nl\\\/index.php\\\/perfecte-huidverzorging-ecolife-aloe-propolis-creme-100-tevredenheid\\\/#breadcrumb\"},\"inLanguage\":\"nl-NL\",\"potentialAction\":[{\"@type\":\"ReadAction\",\"target\":[\"https:\\\/\\\/aloegelly.nl\\\/index.php\\\/perfecte-huidverzorging-ecolife-aloe-propolis-creme-100-tevredenheid\\\/\"]}]},{\"@type\":\"ImageObject\",\"inLanguage\":\"nl-NL\",\"@id\":\"https:\\\/\\\/aloegelly.nl\\\/index.php\\\/perfecte-huidverzorging-ecolife-aloe-propolis-creme-100-tevredenheid\\\/#primaryimage\",\"url\":\"https:\\\/\\\/aloegelly.nl\\\/wp-content\\\/uploads\\\/2020\\\/10\\\/tegen-zonnebrand-aloe-vera-ecolife.jpg\",\"contentUrl\":\"https:\\\/\\\/aloegelly.nl\\\/wp-content\\\/uploads\\\/2020\\\/10\\\/tegen-zonnebrand-aloe-vera-ecolife.jpg\",\"width\":660,\"height\":330},{\"@type\":\"BreadcrumbList\",\"@id\":\"https:\\\/\\\/aloegelly.nl\\\/index.php\\\/perfecte-huidverzorging-ecolife-aloe-propolis-creme-100-tevredenheid\\\/#breadcrumb\",\"itemListElement\":[{\"@type\":\"ListItem\",\"position\":1,\"name\":\"Home\",\"item\":\"https:\\\/\\\/aloegelly.nl\\\/\"},{\"@type\":\"ListItem\",\"position\":2,\"name\":\"Perfecte huidverzorging Aloe Propolis Creme\"}]},{\"@type\":\"WebSite\",\"@id\":\"https:\\\/\\\/aloegelly.nl\\\/#website\",\"url\":\"https:\\\/\\\/aloegelly.nl\\\/\",\"name\":\"Aloegelly Aloe vera\",\"description\":\"Aloe vera gel - huidgel\",\"potentialAction\":[{\"@type\":\"SearchAction\",\"target\":{\"@type\":\"EntryPoint\",\"urlTemplate\":\"https:\\\/\\\/aloegelly.nl\\\/?s={search_term_string}\"},\"query-input\":{\"@type\":\"PropertyValueSpecification\",\"valueRequired\":true,\"valueName\":\"search_term_string\"}}],\"inLanguage\":\"nl-NL\"}]}<\/script>\n<!-- \/ Yoast SEO plugin. -->","yoast_head_json":{"title":"Perfecte huidverzorging Aloe Propolis Creme - Aloegelly Aloe vera","description":"Perfecte huidverzorging - Ecolife Aloe Propolis Creme - 100% tevredenheid. Zeer goede bescherming en verzorging van uw huid.","robots":{"index":"index","follow":"follow","max-snippet":"max-snippet:-1","max-image-preview":"max-image-preview:large","max-video-preview":"max-video-preview:-1"},"canonical":"https:\/\/aloegelly.nl\/index.php\/perfecte-huidverzorging-ecolife-aloe-propolis-creme-100-tevredenheid\/","og_locale":"nl_NL","og_type":"article","og_title":"Perfecte huidverzorging Aloe Propolis Creme - Aloegelly Aloe vera","og_description":"Perfecte huidverzorging - Ecolife Aloe Propolis Creme - 100% tevredenheid. Zeer goede bescherming en verzorging van uw huid.","og_url":"https:\/\/aloegelly.nl\/index.php\/perfecte-huidverzorging-ecolife-aloe-propolis-creme-100-tevredenheid\/","og_site_name":"Aloegelly Aloe vera","article_publisher":"https:\/\/www.facebook.com\/EcolifeLuvico","article_modified_time":"2025-12-17T10:54:01+00:00","og_image":[{"width":660,"height":330,"url":"https:\/\/aloegelly.nl\/wp-content\/uploads\/2020\/10\/tegen-zonnebrand-aloe-vera-ecolife.jpg","type":"image\/jpeg"}],"twitter_card":"summary_large_image","twitter_misc":{"Geschatte leestijd":"5 minuten"},"schema":{"@context":"https:\/\/schema.org","@graph":[{"@type":"WebPage","@id":"https:\/\/aloegelly.nl\/index.php\/perfecte-huidverzorging-ecolife-aloe-propolis-creme-100-tevredenheid\/","url":"https:\/\/aloegelly.nl\/index.php\/perfecte-huidverzorging-ecolife-aloe-propolis-creme-100-tevredenheid\/","name":"Perfecte huidverzorging Aloe Propolis Creme - Aloegelly Aloe vera","isPartOf":{"@id":"https:\/\/aloegelly.nl\/#website"},"primaryImageOfPage":{"@id":"https:\/\/aloegelly.nl\/index.php\/perfecte-huidverzorging-ecolife-aloe-propolis-creme-100-tevredenheid\/#primaryimage"},"image":{"@id":"https:\/\/aloegelly.nl\/index.php\/perfecte-huidverzorging-ecolife-aloe-propolis-creme-100-tevredenheid\/#primaryimage"},"thumbnailUrl":"https:\/\/aloegelly.nl\/wp-content\/uploads\/2020\/10\/tegen-zonnebrand-aloe-vera-ecolife.jpg","datePublished":"2020-10-15T11:05:17+00:00","dateModified":"2025-12-17T10:54:01+00:00","description":"Perfecte huidverzorging - Ecolife Aloe Propolis Creme - 100% tevredenheid. Zeer goede bescherming en verzorging van uw huid.","breadcrumb":{"@id":"https:\/\/aloegelly.nl\/index.php\/perfecte-huidverzorging-ecolife-aloe-propolis-creme-100-tevredenheid\/#breadcrumb"},"inLanguage":"nl-NL","potentialAction":[{"@type":"ReadAction","target":["https:\/\/aloegelly.nl\/index.php\/perfecte-huidverzorging-ecolife-aloe-propolis-creme-100-tevredenheid\/"]}]},{"@type":"ImageObject","inLanguage":"nl-NL","@id":"https:\/\/aloegelly.nl\/index.php\/perfecte-huidverzorging-ecolife-aloe-propolis-creme-100-tevredenheid\/#primaryimage","url":"https:\/\/aloegelly.nl\/wp-content\/uploads\/2020\/10\/tegen-zonnebrand-aloe-vera-ecolife.jpg","contentUrl":"https:\/\/aloegelly.nl\/wp-content\/uploads\/2020\/10\/tegen-zonnebrand-aloe-vera-ecolife.jpg","width":660,"height":330},{"@type":"BreadcrumbList","@id":"https:\/\/aloegelly.nl\/index.php\/perfecte-huidverzorging-ecolife-aloe-propolis-creme-100-tevredenheid\/#breadcrumb","itemListElement":[{"@type":"ListItem","position":1,"name":"Home","item":"https:\/\/aloegelly.nl\/"},{"@type":"ListItem","position":2,"name":"Perfecte huidverzorging Aloe Propolis Creme"}]},{"@type":"WebSite","@id":"https:\/\/aloegelly.nl\/#website","url":"https:\/\/aloegelly.nl\/","name":"Aloegelly Aloe vera","description":"Aloe vera gel - huidgel","potentialAction":[{"@type":"SearchAction","target":{"@type":"EntryPoint","urlTemplate":"https:\/\/aloegelly.nl\/?s={search_term_string}"},"query-input":{"@type":"PropertyValueSpecification","valueRequired":true,"valueName":"search_term_string"}}],"inLanguage":"nl-NL"}]}},"_links":{"self":[{"href":"https:\/\/aloegelly.nl\/index.php\/wp-json\/wp\/v2\/pages\/41","targetHints":{"allow":["GET"]}}],"collection":[{"href":"https:\/\/aloegelly.nl\/index.php\/wp-json\/wp\/v2\/pages"}],"about":[{"href":"https:\/\/aloegelly.nl\/index.php\/wp-json\/wp\/v2\/types\/page"}],"author":[{"embeddable":true,"href":"https:\/\/aloegelly.nl\/index.php\/wp-json\/wp\/v2\/users\/1"}],"replies":[{"embeddable":true,"href":"https:\/\/aloegelly.nl\/index.php\/wp-json\/wp\/v2\/comments?post=41"}],"version-history":[{"count":2,"href":"https:\/\/aloegelly.nl\/index.php\/wp-json\/wp\/v2\/pages\/41\/revisions"}],"predecessor-version":[{"id":70,"href":"https:\/\/aloegelly.nl\/index.php\/wp-json\/wp\/v2\/pages\/41\/revisions\/70"}],"wp:attachment":[{"href":"https:\/\/aloegelly.nl\/index.php\/wp-json\/wp\/v2\/media?parent=41"}],"curies":[{"name":"wp","href":"https:\/\/api.w.org\/{rel}","templated":true}]}}